 = 3*r - 143, 2*x - 1 = -11. What is the tens digit of r?
4
What is the units digit of 14/7 + 1197/3?
1
Let n(l) = l - 5. Let i be n(8). Suppose 2*a - 4*k = 22, a = -a + i*k + 23. What is the units digit of a?
3
Suppose 1 - 4 = -3*h. Let z be -2 - (2 + 0 - 4). What is the units digit of (z - -1) + (h - -1)?
3
Let z(l) = -l**2 + 9*l + 4. Let v be z(9). Suppose 11 = -4*w - 4*t + 47, -v*t = -2*w + 18. What is the units digit of w?
9
Suppose z - t - 45 = 2*t, 2*z - 3*t = 105. Suppose -12 = -w - 4*q, w - 6*w + z = -2*q. What is the tens digit of w?
1
Let i(k) = k - 6. Let p(n) = n**3 - 4*n**2 - 4*n + 4. Let t be p(5). Let u be i(t). Suppose -u*q = -2*g + 25, 4*g - 105 = -g - q. What is the units digit of g?
0
Let g(s) = -6 - 6*s + 2 + 2. Let r be g(2). Let u = 28 + r. What is the units digit of u?
4
Let x(v) = v**2 - 3. What is the tens digit of x(-8)?
6
Suppose -2*d - 36 = -4*d. What is the units digit of (-4)/d + 130/18?
7
Suppose -3 = -s - 2. What is the units digit of s/(-1 + (-8)/(-7))?
7
Suppose 0 = -f + 4*h + 11, -2*f + 5 - 3 = 2*h. Suppose 4*y + 5*t = -35, -2*y - 9 = f*t + 6. What is the units digit of y/6*(-4)/5?
2
Suppose -3*t + 126 = -5*q + 2*q, 5*q - 204 = -4*t. What is the units digit of t?
6
Suppose -3*r - 3*n - 2 = -5, 3*r = 3*n - 21. Let q(i) = i**3 + 2*i**2 - 2*i + 4. What is the units digit of q(r)?
1
What is the hundreds digit of ((-1298)/66)/((-1)/6)?
1
Let l = 12 - -32. What is the units digit of l?
4
Suppose 9*o - 628 = 1496. What is the units digit of o?
6
Let k(p) = -6*p - 3. What is the units digit of k(-2)?
9
Let b = 4 + -9. Suppose -11 = 2*f + d, f - 4*f - 4*d = 4. Let g = b - f. What is the units digit of g?
3
Let j(a) = a**3 + a**2 - 5*a - 2. Let i(q) = -2*q + 5. Let u be i(4). Let o be j(u). Let t = -2 - o. What is the units digit of t?
3
Let q be (-3 + 5)*(-2)/4. Let d = q - 19. Let j = -12 - d. What is the units digit of j?
8
Let v(h) = -1. Let p(z) = 30*z + 5. Let j(m) = p(m) + 6*v(m). What is the tens digit of j(1)?
2
Suppose -1 - 8 = -3*f. Let t be ((-2)/(-1))/(1/f). Let x(o) = 2*o - 8. What is the units digit of x(t)?
4
Let m(x) = -x + 7. Let j be m(5). Let y(n) = -2 + 1 - j - 2*n. What is the units digit of y(-5)?
7
Let y(v) = -30*v + 26. What is the units digit of y(-6)?
6
Let f(s) = -s + 1. Let x be f(2). Let d be (2 + x + -1)/1. Suppose d = -c - 3*c - 3*l + 21, 3*c - 5*l = 23. What is the units digit of c?
6
Let s = 0 + 3. Suppose -5*j = -s*j - 40. What is the tens digit of j?
2
What is the tens digit of (-10)/(-3)*495/25?
6
Let n = -6 + 4. Let a be (-1)/((-9)/5 - n). Let b(i) = -3*i - 7. What is the units digit of b(a)?
8
Let o = 25 + 44. What is the tens digit of o?
6
Suppose 6 + 28 = -c. Let a = 48 + c. What is the tens digit of a?
1
Suppose 2*i - 27 = -3*n - 3*i, -n = 2*i - 10. Suppose -7 = -n*o + 1, 2*o = -m + 20. What is the units digit of m?
6
Let c(s) = -4*s. Let p be c(-2). Suppose -5*w = z - 3*w - p, 0 = 4*w + 20. What is the units digit of z?
8
Let h(s) = -s**2 - s + 7. Let t be h(3). What is the tens digit of (2/t)/(5/(-400))?
3
Let z = 8 + -5. Suppose -4*w - z*x + 36 = 0, x = 2*x. What is the units digit of w?
9
Suppose 0 = -3*d - 4*i - 112 + 498, -132 = -d + 2*i. What is the tens digit of d?
3
Suppose 147 = 3*c - 0*c. What is the tens digit of c?
4
Suppose -b = 2*p + 6, b + 3*p = 2*p - 2. Suppose 25 = i - 4*g + g, -4*i + 60 = -b*g. What is the units digit of i?
3
Let t(g) = -g**2 - 6*g + 8. What is the units digit of t(-6)?
8
What is the tens digit of (-3)/(12/(-698)) - 21/(-14)?
7
Let k be 6*(2 + -3)/1. Let i = 11 + k. Let h = -1 + i. What is the units digit of h?
4
Let i = 99 + -56. What is the tens digit of i?
4
Suppose -t - 5 = t + b, t = -4*b - 20. What is the units digit of t + 0 - (2 - 16)?
4
Let i(l) = l**2 - 3*l. Let t be i(4). Let r(q) = q - 3. What is the units digit of r(t)?
1
Suppose -6 + 3 = 3*c, 3*p - 3*c = 39. Suppose -4*q = 3*b + b - 8, p = 4*q + 5*b. What is the tens digit of (-3)/(2/(q*5))?
1
Suppose -2*o + 5*o = -24. Let x(u) = -2*u - 3. Let s be x(5). Let c = o - s. What is the units digit of c?
5
Suppose 4*p - 156 = -4*s, 3*p + p = -20. What is the tens digit of s?
4
Suppose 0 = -5*x + 4 + 6. Let t be 1/(((-2)/9)/2). What is the units digit of (-12)/t*(x + 1)?
4
Suppose 3*c - 265 = 2*y - 3*y, 0 = y + c - 257. What is the hundreds digit of y?
2
Let v = -27 - -43. Suppose -c = c - v. Suppose 4*y + c = 20. What is the units digit of y?
3
Let d = 17 - 7. Let b = d - 3. What is the units digit of b?
7
Let b be 6 + (-2 + 0 - 1). Suppose 0 = b*x - 16 + 1. Suppose 0 = -4*n - 0*f - 5*f + 83, x*n - 5*f - 70 = 0. What is the units digit of n?
7
Suppose 0 = 7*v - 1415 - 6. What is the tens digit of v?
0
Suppose -5*z - 2*p + 102 = -24, z = -p + 27. Let d = z + -8. What is the units digit of d?
6
What is the tens digit of ((-126)/(-27))/((-1)/(-3))?
1
Suppose -3*u + 5*i + 4 = 0, -5*i + 0*i = 3*u - 14. Let f(o) = -o + 19. Let p be f(0). Suppose -l - 4*q = -p, u*q + q = -4*l + 28. What is the units digit of l?
3
Let b(f) = 7*f**2 + 3*f - 2. What is the tens digit of b(-4)?
9
Suppose -11*r + 1920 = -r. What is the tens digit of r?
9
Let i be (9/(-1))/(9/(-6)). Suppose 4 = -3*f - i*b + b, 4*f + 5*b - 3 = 0. Let n = 13 + f. What is the units digit of n?
0
Let z(r) = 5*r**2 + 2 + 0*r**2 - 3. Let y be z(-1). Suppose -4*v - y = -3*v - 3*a, 4*v = -5*a + 52. What is the units digit of v?
8
Let j(q) = q**2 + 2*q + 1. Let v be j(-3). Suppose -v*o + 124 = -0*o. Let t = o - 22. What is the units digit of t?
9
Let i = -8 + -1. Let v be 3*((-21)/i + -2). What is the units digit of ((-180)/(-6))/(v*2)?
5
Let l = 8 + -10. What is the tens digit of 14 + (0 - l)/(-2)?
1
Let m(j) = j**3 - 10*j**2 + 7*j - 7. What is the tens digit of m(10)?
6
Let w(z) = z**3 + 11*z**2 + 9*z - 6. What is the units digit of w(-9)?
5
Let u(t) = -t**3 + 8*t**2 - 6*t - 5. Let d be 2/4*0 + 7. Let k be u(d). Suppose -19 = -5*c - 3*a, 3*c - k - 1 = a. What is the units digit of c?
2
Let x(t) = -t + 53. What is the tens digit of x(0)?
5
Let c = -5 - -5. Suppose -z + 15 + c = 0. What is the units digit of z?
5
Suppose 0*n - 24 = 4*n. What is the units digit of (1 + n + -1)*-2?
2
Let b = 10 + -27. Let z = 1 - b. What is the tens digit of z?
1
Suppose -2*s = -0*s. Suppose -2*p + 6*p - 36 = s. What is the units digit of p?
9
Suppose 2*i = -0*i - 20. Let h be -2 - 3/(6/i). Let k(u) = -u**3 + 2*u**2 + 2*u + 4. What is the units digit of k(h)?
1
Let c(q) = q**2 + 5*q + 1. What is the units digit of c(-5)?
1
Suppose 0 = 5*l - 2*i - 309, 3*l - 118 = 5*i + 56. What is the tens digit of l?
6
Let p = 115 + -82. What is the units digit of p?
3
Let g be 6/(-9)*3*11. Let b = -8 - g. Suppose -3*j = -j - b. What is the units digit of j?
7
Let i(j) = -j**2 + 5*j - 3. Suppose -x - 4 = -3*m - 6*x, 2*m + 2*x = 4. Suppose -s + 0*o = 5*o + 2, -m*s + 2*o = -11. What is the units digit of i(s)?
3
What is the units digit of 1 + -4 - -18*1?
5
Let p = -22 + 24. What is the units digit of p?
2
Let c be (-20)/6 + (-6)/9. Let t = 9 + c. Suppose 5*x = -4*y + 23 + 28, 5*x - 55 = -t*y. What is the units digit of x?
7
Let m(n) = n + 17. Let j be m(-15). Let v(a) = -2*a**2 + 2*a + 5*a**3 + a - 2 - 2*a**3. What is the tens digit of v(j)?
2
Suppose -2*i + 5*i = 69. Suppose 3*h + z = i - 3, 3*z = -4*h + 35. What is the units digit of h?
5
Let d be (-320)/(-6) - 8/(-12). Suppose -4*c + d = -c. What is the units digit of c?
8
Let b be (-8)/(2/1*-1). Suppose -n + b*n = 69. What is the units digit of n?
3
Suppose 3*s = 6*s. Let j = 8 + s. Suppose -4*w = 5*m + 3, -2*m = 2*w - 5*w - j. What is the units digit of m?
1
Let s(c) = c + 16. Let z = -10 - -10. What is the tens digit of s(z)?
1
What is the tens digit of ((-6)/4)/((-3)/264)?
3
Suppose 0 = 2*s + x - 35, 2*x = s + 4*x - 19. What is the tens digit of s?
1
Let q = -1 + 16. What is the units digit of q?
5
Let l(f) be the second derivative of -f**4/12 - f**3 + 7*f**2/2 - f. Let m be (1 - -2) + -5 + -4. What is the units digit of l(m)?
7
Let a = -46 - -108. What is the tens digit of a?
6
What is the tens digit of (-4 + 42/12)/((-1)/156)?
7
Let i be (-27)/(-4) + 18/(-24). Suppose 0 = -i*z + z - 70. Let b = -2 - z. What is the tens digit of b?
1
Let r(o) = 43*o - 21. What is the units digit of r(4)?
1
Let o(q) = 21*q. Suppo